(i) = 4*i**3 - 144*i**2 - 796*i + 23972. Determine w(37).
-4
Let j(g) = -g**3 + 42*g**2 + 1042*g + 1817. Calculate j(-16).
-7
Let q(u) = 106116*u - 318257. Determine q(3).
91
Let z(j) = 150*j**2 + 331563*j + 139231. Give z(-2210).
1
Let s(k) = -218*k**2 + 15*k + 17. What is s(-2)?
-885
Let g(w) = 217*w + 4031. Give g(-18).
125
Let u(v) = -4*v**3 + 58*v**2 - 19*v - 165. What is u(14)?
-39
Let g(p) = 713*p - 375731. Determine g(527).
20
Let v(t) = 4*t**2 + 833*t + 15123. Give v(-188).
-105
Let t(v) = 323*v + 3671. What is t(-12)?
-205
Let o(p) = -15*p + 1562. Calculate o(68).
542
Let r(q) = -q**3 - 3*q**2 - 3202*q - 19314. What is r(-6)?
6
Let f(v) = -37522*v - 750405. Give f(-20).
35
Let k(y) = y**2 - 4009*y - 1118992. Calculate k(-262).
10
Let n(f) = -20233*f**2 - 343958*f + 7. Determine n(-17).
-44
Let h(p) = -9852*p - 1595968. Calculate h(-162).
56
Let w(n) = -1417590*n - 12758298. Give w(-9).
12
Let a(v) = 2*v**2 + 97243*v - 97244. Give a(1).
1
Let k(c) = 91*c + 4810. Calculate k(-49).
351
Let o(x) = -x**3 - 54*x**2 - 146*x - 2188. Determine o(-52).
-4
Let j(y) = 22*y**3 + 172*y**2 - 2*y - 8. What is j(0)?
-8
Let u(o) = 54077*o + 1406055. What is u(-26)?
53
Let n(t) = t**3 + 92*t**2 + 53*t - 12788. Calculate n(-90).
-1358
Let v(g) = -36*g**3 + 3097*g**2 - 76*g - 859. Determine v(86).
1
Let n(w) = -4*w**3 + 287*w**2 + 360*w + 408. Calculate n(73).
43
Let c(x) = 66*x**2 - 2955*x + 72. What is c(45)?
747
Let t(d) = -12*d**2 - 1366*d - 22886. Determine t(-20).
-366
Let y(a) = 3*a**2 - 216*a + 3732. Determine y(42).
-48
Let x(s) = 15*s**2 - 290*s - 1442. Determine x(-5).
383
Let l(f) = -5*f**3 - 32*f**2 - 289*f - 778. Give l(-5).
492
Let w(y) = y**2 - 1161*y + 48022. Give w(43).
-52
Let u(z) = -196658*z - 1179964. Give u(-6).
-16
Let v(j) = -298906*j + 1195617. Calculate v(4).
-7
Let o(h) = -8691*h - 43397. What is o(-5)?
58
Let m(g) = -g**2 + 2973*g - 782871. Calculate m(292).
-19
Let q(v) = -v**2 - 244*v - 10559. What is q(-171)?
1924
Let v(m) = 3*m**3 - 133*m**2 - 91*m + 93. Give v(45).
48
Let c(r) = -50*r**3 + 360*r**2 - 32*r + 82. Determine c(7).
348
Let m(w) = 96775*w + 1064527. Determine m(-11).
2
Let z(p) = 13*p**2 + 1849*p + 353. What is z(-142)?
-73
Let i(c) = c**3 - 13*c**2 - 161*c + 175. Give i(1).
2
Let d(j) = -j**3 - 32*j**2 - 41*j + 660. Calculate d(-30).
90
Let r(g) = 9*g**3 + 217*g**2 - 5*g - 265. Give r(-24).
431
Let u(o) = -24310*o + 2503873. Give u(103).
-57
Let f(x) = -3683*x - 21654. Calculate f(-6).
444
Let t(q) = -107804*q + 754632. Give t(7).
4
Let g(x) = x**3 - 44*x**2 - 564*x - 95. Give g(-11).
-546
Let z(w) = w**3 - 5*w**2 - 68*w + 1980. Determine z(0).
1980
Let t(g) = -g**3 - 27*g**2 - 177*g - 29. What is t(-13)?
-94
Let j(m) = m**3 - 36*m**2 + 371*m - 3463. Calculate j(27).
-7
Let k(a) = -1802*a - 55841. Give k(-31).
21
Let o(z) = z**3 - 16*z**2 - 340*z - 354. Calculate o(28).
-466
Let o(k) = 292197*k + 6428329. Give o(-22).
-5
Let t(b) = -b**3 - 444*b**2 + 27971*b - 14509. Give t(-500).
-9
Let j(m) = m**3 + 178*m**2 - 845*m + 47644. Give j(-184).
-12
Let b(j) = -8*j**2 + 1163*j + 782. Determine b(146).
52
Let l(x) = 3*x**3 - 10*x**2 - 409*x + 1205. Give l(3).
-31
Let z(m) = m**3 + 154*m**2 - 964*m - 632. What is z(-160)?
8
Let t(g) = -89*g**2 - 2143*g + 2056. Calculate t(-25).
6
Let y(q) = -3130*q + 24999. What is y(8)?
-41
Let q(p) = -343*p - 14067. What is q(-43)?
682
Let i(b) = -b**3 - 485*b**2 - 3262*b + 40139. Give i(-478).
-13
Let g(a) = 36*a**2 - 334*a - 1326. What is g(-4)?
586
Let f(d) = -2*d**3 + 160*d**2 + 1028*d + 181. What is f(86)?
-163
Let y(l) = 943*l**2 - 3307*l - 1846. Determine y(4).
14
Let a(z) = 7*z**3 - 126*z**2 + 123*z - 23. Give a(17).
45
Let t(r) = -r**2 + 2059*r + 49751. What is t(-24)?
-241
Let c(h) = h**3 - 875*h**2 + 12158*h - 89475. Determine c(861).
69
Let t(f) = -f**2 - 191*f - 1473. Calculate t(-184).
-185
Let d(v) = -21*v**3 - 21*v**2 + 1511*v + 5. Calculate d(-9).
14
Let l(i) = i**2 + 2042*i + 292587. Give l(-155).
102
Let w(v) = -280*v - 16890. Determine w(-56).
-1210
Let a(c) = -47584*c + 380768. Determine a(8).
96
Let q(y) = 6*y**2 + 5906*y + 81511. Give q(-14).
3
Let z(f) = 274*f - 17236. What is z(61)?
-522
Let x(q) = -3*q**2 - 106*q + 63. Calculate x(-34).
199
Let i(f) = 11*f**3 + 14*f**2 - 10*f - 240. Determine i(-5).
-1215
Let j(b) = -b**3 + 332*b**2 + 1997*b + 10474. Give j(338).
-4
Let g(d) = -1194*d + 27501. What is g(23)?
39
Let y(w) = 10*w**2 - 189*w + 22. Give y(19).
41
Let z(j) = 5*j**3 - 208*j**2 + 488*j + 697. Determine z(39).
-44
Let x(j) = -39*j**3 + 213*j**2 - 107*j + 35. What is x(5)?
-50
Let o(y) = 14*y**2 - 478*y + 1794. Calculate o(4).
106
Let q(k) = 10*k**2 - 3857*k - 3868. Calculate q(-1).
-1
Let x(h) = -24205*h**2 - 314664*h + 1. Determine x(-13).
-12
Let y(u) = 29*u - 3961. Calculate y(132).
-133
Let k(t) = -212453*t - 2336989. What is k(-11)?
-6
Let v(h) = h**2 + 660*h - 30968. Give v(44).
8
Let v(p) = 67*p**2 + 7070*p + 3681. What is v(-105)?
6
Let h(f) = -197*f**2 + 579*f + 40. Give h(3).
4
Let z(d) = 25772*d + 129066. Determine z(-5).
206
Let w(y) = 163588*y - 2780999. Calculate w(17).
-3
Let k(z) = z**3 + 37*z**2 + 221*z + 11. Calculate k(-8).
99
Let f(m) = 4*m**3 - 221*m**2 + 678*m - 92. Calculate f(52).
12
Let w(n) = -n**2 + 1197*n - 78658. Calculate w(70).
232
Let t(k) = -55*k**2 + 373*k - 246. What is t(7)?
-330
Let d(x) = -166*x + 26. What is d(2)?
-306
Let l(v) = 3*v**2 + 5472*v + 86774. Give l(-16).
-10
Let y(c) = -13609*c + 108862. What is y(8)?
-10
Let h(m) = -m**3 + 71*m**2 - 1040*m + 664. Give h(51).
-356
Let i(y) = -73*y**2 + 2035*y + 242. Give i(28).
-10
Let n(h) = -887*h - 17975. Calculate n(-20).
-235
Let d(c) = 4*c**2 + 8976*c + 309255. Calculate d(-35).
-5
Let t(f) = 18*f**2 - 8*f + 295. Determine t(12).
2791
Let q(m) = -497*m + 9293. Give q(20).
-647
Let h(u) = -23415*u + 2786331. What is h(119)?
-54
Let t(o) = o**3 - 523*o**2 + 10223*o - 81993. Determine t(503).
-4
Let f(l) = 29*l**3 + 2318*l**2 - 160*l + 48. Give f(-80).
48
Let p(k) = -164*k + 18223. Give p(97).
2315
Let q(a) = -22*a - 4700. Calculate q(-205).
-190
Let t(a) = 29791*a + 208924. What is t(-7)?
387
Let j(u) = -u**3 - 2*u**2 - 458*u - 154. What is j(0)?
-154
Let i(a) = -a**2 - 736*a - 120753. Give i(-245).
-458
Let t(q) = 2*q**3 - 143*q**2 + 237*q - 11724. Give t(71).
62
Let g(d) = 842*d - 80762. Calculate g(97).
912
Let g(k) = -11012*k + 4217601. Determine g(383).
5
Let l(o) = 23*o**2 - 20594*o + 8060. Determine l(895).
5
Let c(j) = 1053*j + 5925. Determine c(-6).
-393
Let z(y) = 455*y + 16308. Determine z(-37).
-527
Let r(q) = q**2 - 12492*q - 1411667. Give r(-112).
-19
Let q(g) = 3*g**3 + 439*g**2 + 1426*g - 513. What is q(-143)?
59
Let z(g) = -247*g - 35318. Determine z(-142).
-244
Let v(c) = 4*c**2 - 136*c + 433. Determine v(38).
1041
Let c(i) = -31*i**3 + 231*i**2 + 110*i - 120. Calculate c(-1).
32
Let q(t) = t**3 + 169*t**2 + 4077*t + 18185. Determine q(-141).
-4
Let j(z) = -4169*z + 221012. Give j(53).
55
Let f(z) = z**3 - 19*z**2 + 738*z - 14036. What is f(19)?
-14
Let h(a) = 18247*a + 2353829. Give h(-129).
-34
Let h(w) = -9057*w + 2255323. What is h(249)?
130
Let v(l) = l**3 - 189*l**2 + 184*l + 816. Determine v(188).
64
Let x(q) = 129*q - 148. Give x(-3).
-535
Let o(w) = 150*w**2 - 32702*w + 421. What is o(218)?
-15
Let z(y) = y**2 + 409*y + 9592. Calculate z(-24).
352
Let q(d) = -481*d**2 + 5756*d + 189. Calculate q(12).
-3
Let m(r) = 91*r**2 - 17196*r - 579. What is m(189)?
-12
Let d(h) = 11*h**3 + 1592*h**2 + 57246*h - 468. What is d(-78)?
0
Let u(z) = 10*z**3 + 293*z**2 + 46*z - 1038. Determine u(-29).
151
Let j(k) = k**3 + 17*k**2 - 88*k + 78. What is j(-22)?
-406
Let n(h) = -h**3 - 83*h**2 - 113*h + 95. Determine n(-2).
-3
Let m(j) = j**3 + 94*j**2 + 2197*j + 205. Determine m(-51).
1
Let q(n) = 3*n**2 + 732*n + 3621. Calculate q(-5).
36
Let z(l) = -l**3 + 18*l**2 - 147*l + 3955. Determine z(21).
-455
Let o(p) = 3600*p - 1569603. What is o(436)?
-3
Let r(c) = -c**2 + 88*c + 144. What is r(48)?
2064
Let k(t) = -144*t**2 - 13536*t + 124. Calculate k(-94).
124
Let o(h) = -h**2 - 131910*h - 791422. Calculate o(-6).
2
Let b(c) = -23*c**2 - 235*c - 918. Give b(-4).
-346
Let a(d) = d**3 - 3*d**2 - 430*d + 1339. What is a(3)?
49
Let x(b) = -12016*b + 1